5 = -5*i. Let n be l(i). Let u = n + 34. Let p(f) = -f**2 - 9*f - 10. Give p(u).
4
Let o(p) be the second derivative of -p**4/12 - p**3 + 2*p**2 - 23153*p. Suppose 0*l - 5*l = 45. Let f = -14 - l. Calculate o(f).
9
Let u(p) = 13*p**2 - 1232 - 10*p + 1240 - p**3 - 4*p**2. Let x be (-2)/4*-21 - (-185)/(-74). Calculate u(x).
-8
Let p(k) = 43*k + k - 8*k + 0*k**2 + k**2 - 42*k - 4*k**3 + 3. Give p(2).
-37
Let p(n) be the first derivative of -n**4/4 + n**3 + 5*n**2/2 + 4*n + 1273. Determine p(-3).
43
Let p(g) = 33*g + 563. Let c(q) = 26*q + 557. Let t(x) = -7*c(x) + 6*p(x). Give t(33).
7
Let j(h) = -h**2 + 46*h - 426. Let d be j(14). Let z(o) = o**3 - 21*o**2 - 25*o + 67. Determine z(d).
1
Let n(h) = 2*h**3 + 290*h - h**3 + 267*h + h**2 + 1 - 558*h. Give n(1).
2
Let s(y) = 0*y - 2 + 8*y + 5*y. Let b be 0 - (3 - -36)/(-39). Calculate s(b).
11
Let j(v) = 38 + 3 + 294 - 20*v. What is j(16)?
15
Let z be ((-28)/(-4))/(-7) + 7. Let m(h) = 10*h - z*h - 14*h**2 - 21 + h**3 - 18*h + 0*h**3. Calculate m(15).
-6
Let r be 42/8*8/3. Suppose -3*j - 5*b - r = 0, b + 18 = j - 3*b. Let p(u) = -4*u - 2*u + 2 + 2*u**2 + u**j - 4*u**2. Determine p(-5).
7
Let m(u) = 2*u - 1. Let l(z) = z + 1. Suppose -3*o = -2*b + 13, -2*o - 2*b = -0 - 8. Let w(y) = o*m(y) + 4*l(y). What is w(0)?
5
Suppose -3*a - 2*s - 36 = -46, a = -s + 5. Let x(h) = 24*h - 6. Calculate x(a).
-6
Let j(g) = -4*g + g + 4*g - 35. Let f = -16884 + 16906. Let o be j(f). Let k(p) = p**3 + 13*p**2 - p - 7. What is k(o)?
6
Suppose -2*n + 12 + 0 = 2*a, -4*n + 2*a = -24. Let u(k) = -k**3 + 7*k**2 - 6*k + 9. What is u(n)?
9
Let d be (-3)/(((-1)/(-1))/(-2)). Let h(t) = 22*t - 1. Let s be (-104)/39*45/(-20). Let o(p) = -19*p + 2. Let u(z) = s*h(z) + 7*o(z). What is u(d)?
2
Let h(d) be the first derivative of d**4/4 + d**2/2 - d + 90. Let a(k) = -5*k**3 + k**2 - 7*k + 5. Let l(m) = a(m) + 6*h(m). Give l(0).
-1
Let g = -5923 + 5926. Let p(t) = 2*t**2 + 2*t - 9. Calculate p(g).
15
Suppose -15 = -f + 3*a, 4*f + 3*a + 0*a = 0. Let l(s) = -3*s + 3*s - s**3 + 3*s**2 + 0*s - 7*s + 4 + 5*s. Give l(f).
-2
Let s(t) = 59*t**2 - 8 - 151*t**2 + 44*t**2 - 12*t + 49*t**2. Suppose n = -n + 24. Give s(n).
-8
Let i(b) = -3*b**2 + 287*b - 284. Let n be i(1). Let x(c) = -2*c - c + 2*c - 11. Calculate x(n).
-11
Let m(t) = -t**3 - 11*t**2 - t - 11. Let n = -4274 - -4263. Calculate m(n).
0
Let n(r) = 330*r + 3*r**2 - 9*r**3 + 14*r**3 - 330*r + 0*r**2. Determine n(-2).
-28
Suppose 0 = 83*i - 87*i + 12836. Let r(y) = y**3 - 14 - 2*y**3 - i*y + 6*y**2 + 3212*y. Calculate r(6).
4
Let x(o) = -91*o**2 - 256*o - 152. Let t(z) = -11*z**2 - 31*z - 19. Let m(u) = 33*t(u) - 4*x(u). Suppose -2*b = b - 15, -5*q = 5*b - 25. What is m(q)?
-19
Let z(h) = h**3 - 8*h**2 + 23*h - 36. Let j be z(4). Let s(c) = c**3 + 8*c**2 - c - 10. Determine s(j).
-2
Let z be (-266)/(-27 + 13) + -23. Let j(l) = -2*l**2 - l + 30. Give j(z).
2
Let a(w) = -11*w - 346 + 14*w + 312. What is a(5)?
-19
Let d(h) = 12*h**2 + 1. Let c(o) = -7*o - 32. Let k be c(-4). Let v = k + 3. Calculate d(v).
13
Let u = -28 - -31. Let z be 3*(u + (4 - 4)). Let c(o) = o - z - 2 + 6. Give c(4).
-1
Let x(i) = -7*i + 21. Let u(f) = 318*f - 944. Let z be u(3). Give x(z).
-49
Let f(m) be the second derivative of -m**5/10 - 13*m**4/12 - 8*m**3/3 - 57*m**2/2 + 11*m - 48. What is f(-6)?
3
Let p(h) = -h**3 + 10*h**2 - 5*h. Let n(m) = 2*m**3 - 19*m**2 + 9*m - 1. Let y = 65 - 60. Let k(i) = y*p(i) + 3*n(i). What is k(7)?
11
Let d = 18 - -149. Suppose -2*g + d + 43 = 0. Let f(q) = -g*q**2 + 5 + q + 106*q**2 + 2*q - 11. What is f(-5)?
4
Let d(o) = 4*o**2 + 11*o + 4. Let c(u) = -7*u**2 - 20*u - 9. Let a(r) = 3*c(r) + 5*d(r). Let i be (-36)/8*(-26)/(-39). Determine a(i).
-1
Let o(t) = -2*t - 1. Let l(c) = -c - 2. Let b(p) = -3*l(p) + 2*o(p). Let u(j) = 141*j - 7. Let y be u(0). Give b(y).
11
Let f(l) = l - 2. Suppose -65*r = -i - 69*r - 294, -8 = -4*r. Let h = i + 297. Give f(h).
-7
Let m be ((-100)/(-6))/((-14)/(-21)). Suppose -q = m - 21. Let v(k) = k**2 + 2*k. Determine v(q).
8
Let i(d) = d**2 + 8*d + 13. Suppose -4*x - 36 = 5*w, -4*w = w + 20. Let h be i(x). Let v(j) be the third derivative of j**4/24 + j**3 + 3*j**2. What is v(h)?
3
Let g(u) = -10*u**2 + 2*u + 3. Let q be g(-2). Let o = q - -43. Let y(x) = -7*x - 1382 + 1393 - 3*x**2 + 2*x**o. Determine y(-8).
3
Let n(x) = -x**2 - 35*x + 117. Let i be n(3). Let w(j) = 14*j - 45. What is w(i)?
-3
Let a(l) = -4*l - 18. Suppose 63 = 3*c + u + 3*u, u = -3*c + 63. Suppose -15 = 5*v, 0 = -2*z + 3*z + 5*v + c. Let o be a(z). Let b(p) = p - 7. Calculate b(o).
-1
Let n(h) = h**2 - 18*h + 66. Let y be 1116/111 - (-34)/(-629) - -4. Give n(y).
10
Let z = -10 - -12. Suppose -3*s + 2*s + z = 0. Suppose 2*c - 7*c - s*k - 17 = 0, -2*c - k = 6. Let m(j) = j**2 + 5*j + 4. Calculate m(c).
4
Suppose -5*c - 5*p = -306 - 74, 3*p = 5*c - 388. Suppose -54*a + c = -47*a. Let b(l) = 4*l - 3. Determine b(a).
41
Let b(o) be the second derivative of -o**4/12 + 5*o**3/6 + 63*o**2/2 + 84*o - 36. Determine b(12).
-21
Let j(v) = v**3 + 44*v**2 + 7. Let z be j(-44). Let y(c) = -6*c + 37. What is y(z)?
-5
Let l be 318/2*1*5/15. Suppose c - 43 = -l. Let z(f) = 26 - 57*f**2 + 48*f**2 - f**3 - 17 + 11*f. Give z(c).
-1
Suppose 5*q = -35, l = -3*q - 92 + 86. Let x(p) = -8*p + 119. Calculate x(l).
-1
Let c(f) be the second derivative of f**4/4 + f**3/3 - 6*f**2 - f + 1141. Calculate c(4).
44
Suppose 3*g = 3*d - 0*g + 3, 2*d - 3*g + 7 = 0. Let c(l) = l**3 - 2*l**2 + 5*l - 2. What is c(d)?
50
Let a(k) = 21*k**2 + 3*k. Let r(b) = -104*b**2 + 6*b + 51. Let p(l) = 5*a(l) + r(l). Determine p(-18).
-3
Let t(x) = x**3 - 19*x**2 + 16*x - 16. Let g(q) = -3*q**3 - 60*q**2 - 112*q - 54. Let l be g(-18). Calculate t(l).
-52
Let z(o) = 21 + 1683*o + 183 - 1715*o. What is z(7)?
-20
Let d(s) = -25*s + 165. Let n be d(7). Let c(f) = -4*f**2 - 43*f + 7. Calculate c(n).
37
Let v(w) = 5*w + 126. Let p be v(-26). Let d be (0/p)/(5 - 8). Let c(h) = h**2 + 1. Calculate c(d).
1
Let s(o) = -o + 1. Let x(a) = -a - 1. Let y(i) = -5*s(i) + 6*x(i). Let p be -5 - -9*(-1)/3. What is y(p)?
-3
Let s(p) = -p**2 - 38*p + 422. Let r be s(9). Let z(v) = 18*v**2 + 5*v + 5. What is z(r)?
18
Let p(m) = -m**2 + m - 2. Let j = 36 + 4. Let v(o) = 39*o**2 - 4*o - 3. Let d be v(-1). Let k = d - j. Give p(k).
-2
Let n(r) = -r**2 - 13*r - 3. Let u(f) = -f**3 - 12*f**2 - 26*f - 41. Let j be u(-10). Suppose -216 = -q + j*q. Determine n(q).
9
Let o = 43 + -45. Suppose -9*l = -4*l - 10. Let u(d) = -4*d**l + 12*d**2 + 2 - 5*d**2 - 5*d**2. What is u(o)?
-6
Let g(b) = b**2 + 10*b - 2. Let c be g(-10). Let y(h) = -9*h**2 + 15. Let j(r) = 125 - 68 + 9*r**2 - 70 - r**2. Let a(p) = -7*j(p) - 6*y(p). What is a(c)?
-7
Let f(p) be the third derivative of 1/12*p**4 - 1/3*p**3 + 0 - 2/15*p**5 + p + 46*p**2. What is f(2)?
-30
Let h(c) = c - 12. Let n(v) = -2*v + 11. Let p(i) = 3*h(i) + 2*n(i). Let d be p(-14). Let s(x) = -x**2 + x + 7. Determine s(d).
7
Let g(o) = 627*o - 23 - 215*o - 210*o - 210*o. Calculate g(-8).
41
Let m(c) = 14*c - 196. Let i(n) = -2*n - 1. Let k(r) = -3*i(r) + m(r). What is k(10)?
7
Let z(b) = -b**2 - 10*b - 25. Suppose 7*d = -2*d - 6*d - 150. Calculate z(d).
-25
Let c(x) be the first derivative of x**4/4 + 11*x**3/3 + 5*x**2 - 8*x - 1159. What is c(-10)?
-8
Let d(m) = -5 + 2 - 8 + 6*m + 8*m + 1. Calculate d(1).
4
Let t(y) = -y**3 + 7*y**2 + 8*y + 6. Suppose -1 - 2 = -3*u + 3*n, -2*n - 14 = -5*u. Suppose 3*l - 10*x = -12*x + 24, 4*l = u*x + 32. Calculate t(l).
6
Let u(q) = -q**3 - 27*q**2 - 28*q - 47. Let f = 4644 - 4670. Determine u(f).
5
Let t(p) be the first derivative of p**4/4 + 2*p**3 + p**2/2 - 4*p + 1011. Calculate t(-6).
-10
Let b(l) = -l**3 + 8*l**2 - 2*l + 5. Let m(o) = 559*o - 2789. Let a be m(5). Determine b(a).
65
Let o(a) = -23*a + 53*a - 15*a - 16*a - 8. Let y(c) = -5*c**2 + 8*c - 3. Let t be y(2). What is o(t)?
-1
Let b(k) = -3*k + k + k**3 - k + 5*k - 3 + k**2. Let f = 199 - 34. Let g = f + -168. Calculate b(g).
-27
Let a(n) = -n**3 - 7*n**2 - 5*n + 7. Let k(d) = d + 3. Suppose 3*o + 213 = -2*g, 3*g + 79 = 2*g + 4*o. Let j = g + 90. Let w be k(j). Determine a(w).
1
Let n(z) = z**3 - 7*z**2 - 6*z - 5. Suppose 13*b - 1082 - 1570 = 0. Let i = b + -196. What is n(i)?
11
Let a(w) = -3 - 198*w - 202*w + 578*w - 191*w +